{"id":16527,"date":"2025-05-07T16:43:32","date_gmt":"2025-05-07T19:43:32","guid":{"rendered":"https:\/\/marinhocouros.com.br\/?post_type=product&#038;p=16527"},"modified":"2026-04-23T09:34:36","modified_gmt":"2026-04-23T12:34:36","slug":"suede-pena","status":"publish","type":"product","link":"https:\/\/homologacao.marinhocouros.com.br\/homologacao_2026\/produto\/suede-pena\/","title":{"rendered":"Suede Pena"},"content":{"rendered":"<h2 data-start=\"159\" data-end=\"215\">Suede Standard: Conforto e Economia para Seu Estofado<\/h2>\n<p data-start=\"217\" data-end=\"607\">O <strong data-start=\"219\" data-end=\"261\">Suede da Linha Standard Marinho Couros<\/strong> \u00e9 a escolha perfeita para quem busca um tecido macio, bonito e com excelente custo-benef\u00edcio na hora de reformar sof\u00e1s, poltronas, cadeiras e cabeceiras. Com toque aveludado e acabamento suave, ele oferece um visual elegante e confort\u00e1vel sem pesar no or\u00e7amento. Ideal para quem quer transformar o ambiente com praticidade, economia e bom gosto.<\/p>\n<h2 data-start=\"780\" data-end=\"819\">Facilidade de Aplica\u00e7\u00e3o e Uso Di\u00e1rio<\/h2>\n<p data-start=\"821\" data-end=\"1159\">Leve, male\u00e1vel e f\u00e1cil de aplicar, o <strong data-start=\"858\" data-end=\"876\">Suede Standard<\/strong> \u00e9 muito utilizado por estofadores que valorizam agilidade e efici\u00eancia no dia a dia. Al\u00e9m de agrad\u00e1vel ao toque, o tecido \u00e9 funcional e proporciona bom desempenho em m\u00f3veis de uso frequente. Uma \u00f3tima escolha para reformas pr\u00e1ticas, com acabamento visual bonito e aplica\u00e7\u00e3o simples.<\/p>\n<h2 data-start=\"1303\" data-end=\"1349\">Paleta de Cores Vers\u00e1til e Acabamento Clean<\/h2>\n<p data-start=\"1351\" data-end=\"1695\">Dispon\u00edvel em tons neutros e vers\u00e1teis, o <strong data-start=\"1393\" data-end=\"1420\">Suede da Linha Standard<\/strong> se adapta com facilidade a diversos estilos de decora\u00e7\u00e3o. Seja para um ambiente casual ou mais tradicional, ele entrega um acabamento limpo e agrad\u00e1vel ao olhar. Um tecido que valoriza o estofado e combina com qualquer espa\u00e7o \u2014 ideal para quem busca simplicidade com charme.<\/p>\n","protected":false},"excerpt":{"rendered":"<p>O <strong data-start=\"219\" data-end=\"261\">Suede da Linha Standard Marinho Couros<\/strong> \u00e9 a escolha perfeita para quem busca um tecido macio, bonito e com excelente custo-benef\u00edcio na hora de reformar sof\u00e1s, poltronas, cadeiras e cabeceiras. Com toque aveludado e acabamento suave, ele oferece um visual elegante e confort\u00e1vel sem pesar no or\u00e7amento. Ideal para quem quer transformar o ambiente com praticidade, economia e bom gosto.<\/p>\n","protected":false},"featured_media":17584,"comment_status":"open","ping_status":"closed","template":"","meta":[],"product_brand":[],"product_cat":[777,775,791,41],"product_tag":[],"class_list":{"0":"post-16527","1":"product","2":"type-product","3":"status-publish","4":"has-post-thumbnail","6":"product_cat-tecidos","7":"product_cat-tecidos-e-sinteticos-para-sofa","8":"product_cat-tecidos-economicos","9":"product_cat-todos","10":"product_shipping_class-tecidos-a140-r60","12":"first","13":"instock","14":"shipping-taxable","15":"purchasable","16":"product-type-variable"},"_links":{"self":[{"href":"https:\/\/homologacao.marinhocouros.com.br\/homologacao_2026\/wp-json\/wp\/v2\/product\/16527","targetHints":{"allow":["GET"]}}],"collection":[{"href":"https:\/\/homologacao.marinhocouros.com.br\/homologacao_2026\/wp-json\/wp\/v2\/product"}],"about":[{"href":"https:\/\/homologacao.marinhocouros.com.br\/homologacao_2026\/wp-json\/wp\/v2\/types\/product"}],"replies":[{"embeddable":true,"href":"https:\/\/homologacao.marinhocouros.com.br\/homologacao_2026\/wp-json\/wp\/v2\/comments?post=16527"}],"version-history":[{"count":0,"href":"https:\/\/homologacao.marinhocouros.com.br\/homologacao_2026\/wp-json\/wp\/v2\/product\/16527\/revisions"}],"wp:featuredmedia":[{"embeddable":true,"href":"https:\/\/homologacao.marinhocouros.com.br\/homologacao_2026\/wp-json\/wp\/v2\/media\/17584"}],"wp:attachment":[{"href":"https:\/\/homologacao.marinhocouros.com.br\/homologacao_2026\/wp-json\/wp\/v2\/media?parent=16527"}],"wp:term":[{"taxonomy":"product_brand","embeddable":true,"href":"https:\/\/homologacao.marinhocouros.com.br\/homologacao_2026\/wp-json\/wp\/v2\/product_brand?post=16527"},{"taxonomy":"product_cat","embeddable":true,"href":"https:\/\/homologacao.marinhocouros.com.br\/homologacao_2026\/wp-json\/wp\/v2\/product_cat?post=16527"},{"taxonomy":"product_tag","embeddable":true,"href":"https:\/\/homologacao.marinhocouros.com.br\/homologacao_2026\/wp-json\/wp\/v2\/product_tag?post=16527"}],"curies":[{"name":"wp","href":"https:\/\/api.w.org\/{rel}","templated":true}]}}